2*v - 9. Determine o(-8).
7
Let z(j) = 2*j**2 - 12*j - 2. Give z(5).
-12
Let r(q) = -q**3 + 15*q**2 + 5. Calculate r(15).
5
Let f(z) = -z**2 - 17*z - 45. Give f(-8).
27
Let o(l) = -7*l - 64. What is o(13)?
-155
Let f(k) = -k + 1. Give f(-1).
2
Let t(s) = -2*s - 9. What is t(8)?
-25
Let i(v) = -8*v**2 + 2*v. Give i(1).
-6
Let z(t) = -t**3 + 10*t**2 - 8*t - 21. Calculate z(9).
-12
Let n(k) = k**2 + 31*k - 106. Determine n(-33).
-40
Let j(t) = -t**3 + 12*t**2 + 15*t - 12. Calculate j(13).
14
Let y(q) = -13*q - 6. What is y(-1)?
7
Let v(p) = -p**3 + 5*p**2 - 3*p + 17. Give v(5).
2
Let f(x) = -x**2 + 3*x + 11. Determine f(-5).
-29
Let m(r) = r**3 + 11*r**2 + 32*r + 168. Determine m(-9).
42
Let a(i) = -2*i**2 - 13*i - 30. Calculate a(-4).
-10
Let u(b) = -b. What is u(-3)?
3
Let k(s) = 4*s**2 + 12*s + 20. Give k(-4).
36
Let b(z) = -2*z**3 + 2*z**2 - 2*z - 1. Determine b(1).
-3
Let r(w) = w**3 - 2*w**2 - 2*w - 2. Give r(3).
1
Let o(d) = d**3 + 5*d**2 - 7*d + 6. Calculate o(-6).
12
Let r(z) = 2*z**3 + z + 1. Determine r(2).
19
Let s(f) = -f**2 - 9*f - 4. Determine s(-9).
-4
Let k(w) = 13*w + 5. Give k(0).
5
Let u(c) = -9*c - 405. Give u(-46).
9
Let s(o) = o - 9. Give s(4).
-5
Let c(r) = 2*r - 45. Give c(19).
-7
Let p(z) = z**3 + 7*z**2 + 7*z + 1. Give p(-6).
-5
Let s(i) = 30*i - 5. Give s(0).
-5
Let b(a) = a**3 + 9*a**2 + 3*a + 6. Determine b(-5).
91
Let l(s) = -8*s - 1. What is l(2)?
-17
Let z(q) = -q - 5. What is z(5)?
-10
Let z(f) = -5*f**2 - 2*f. Give z(-4).
-72
Let g(t) = 6*t + 25. Give g(-9).
-29
Let m(y) = 9*y + 3. Determine m(-2).
-15
Let u(q) = 9*q**2 + 2*q + 2. Calculate u(-2).
34
Let t(q) = 4*q**2 - 2*q - 12. What is t(-4)?
60
Let i(k) = -k**3 + 20*k**2 - k + 18. Give i(20).
-2
Let p(x) = -25*x**3 + 2*x**2 - 3*x + 2. Determine p(1).
-24
Let n(j) = j**2 + 10*j - 345. What is n(14)?
-9
Let j(h) = 2*h**2 + 2*h + 1. Give j(-2).
5
Let k(c) = -11*c**3 - c**2 + 3*c - 1. Determine k(1).
-10
Let o(h) = -h**2 + 30*h - 213. Give o(11).
-4
Let x(y) = 2*y**3 + 11*y**2 + 3*y + 1. Give x(-5).
11
Let n(j) = 2*j**3 + j - 1. Calculate n(2).
17
Let y(l) = -l**2 - 7*l + 6. Determine y(-7).
6
Let k(x) = x**2 + 10*x - 11. Determine k(-11).
0
Let r(m) = -m**3 - 2*m**2 - 86. Calculate r(0).
-86
Let c(f) = -40*f - 202. What is c(-5)?
-2
Let p(l) = 12*l - 2. Calculate p(5).
58
Let u(o) = o**2 - 20*o - 25. What is u(23)?
44
Let q(l) = 16*l - 10. Determine q(4).
54
Let s(n) = -n**3 - n**2 + n - 36. What is s(0)?
-36
Let z(v) = -v**3 + 10*v**2 - 8*v - 5. Determine z(9).
4
Let w(x) = 4*x**2 + 20*x + 8. What is w(-4)?
-8
Let v(g) = g**3 - 14*g**2 - 14*g. Determine v(15).
15
Let y(b) = -39*b - 75. Calculate y(-3).
42
Let h(f) = f**3 + 11*f**2 + 7*f + 7. What is h(-10)?
37
Let v(a) = a**3 - 7*a**2 - 5*a + 4. What is v(8)?
28
Let v(q) = q**3 + 6*q**2 + q - 16. Determine v(-5).
4
Let j(p) = -p**3 + 2*p**2 + 13*p - 5. Calculate j(5).
-15
Let w(f) = 2*f**2 + 29*f + 4. Calculate w(-15).
19
Let r(w) = 22*w - 160. Give r(7).
-6
Let n(h) = 2*h**3 + 20*h**2 + 10. Give n(-10).
10
Let o(w) = -w**3 + 8*w**2 - 2*w - 4. What is o(8)?
-20
Let t(o) = o**3 + 17*o**2 + 31*o + 17. What is t(-15)?
2
Let y(s) = -4*s - 13. What is y(-7)?
15
Let m(g) = -g**3 - 3*g**2 + 7*g - 4. Determine m(-4).
-16
Let n(s) = -s - 7. What is n(-6)?
-1
Let j(t) = -t**3 + t**2 + 20*t + 7. Give j(5).
7
Let m(o) = 2*o**2 + o - 4. Calculate m(-3).
11
Let a(q) = 82*q + 659. Give a(-8).
3
Let r(u) = 3*u + 3. Determine r(-3).
-6
Let w(k) = 13*k - 10. Give w(0).
-10
Let x(i) = 19*i + 42. Calculate x(4).
118
Let p(b) = b**3 - 11*b**2 - 12*b - 8. What is p(12)?
-8
Let h(a) = a**2 + 5*a - 6. What is h(-4)?
-10
Let y(z) = z**3 - 19*z**2 - 23*z + 63. Give y(20).
3
Let k(b) = 8*b**2 - 1. Give k(-2).
31
Let u(y) = -22*y**2 + 3*y + 2. Determine u(-1).
-23
Let u(x) = -12*x - 152. Determine u(-6).
-80
Let v(c) = c**3 - 14*c**2 - 16*c + 7. Give v(15).
-8
Let a(k) = 7*k - 26. What is a(4)?
2
Let v(w) = -3*w**3 - 220*w**2 + 148*w + 5. Determine v(-74).
5
Let n(m) = -m**3 + 6*m**2 - 2*m + 2. Give n(6).
-10
Let a(o) = -6*o - 35. Calculate a(-4).
-11
Let d(r) = 12*r**2 + 4*r + 5. Determine d(-2).
45
Let j(h) = -4*h - 48. Give j(-10).
-8
Let l(w) = -5*w - 15. What is l(8)?
-55
Let r(m) = 46*m - 1. Calculate r(2).
91
Let i(f) = -f**2 - 2*f - 3. Calculate i(-3).
-6
Let y(c) = c**2 - 61*c - 15. What is y(61)?
-15
Let w(u) = -u**2 + 3*u + 45. Determine w(0).
45
Let g(h) = -h**3 + 3*h**2 + 3*h - 12. Calculate g(3).
-3
Let q(f) = f**2 - 49*f + 92. Calculate q(47).
-2
Let g(j) = -j**3 + 31*j**2 + 221*j + 32. Calculate g(37).
-5
Let p(n) = 4*n - 16. What is p(-5)?
-36
Let u(d) = d**2 + 2*d - 76. Determine u(-10).
4
Let d(i) = i**2 - 16*i - 20. What is d(19)?
37
Let i(u) = 2*u**2 + 3*u. Determine i(-5).
35
Let y(h) = 2*h - 6. What is y(10)?
14
Let p(b) = 2*b + 10. Calculate p(-10).
-10
Let m(j) = 3*j**2 - 4*j. Determine m(2).
4
Let m(s) = -s - 4. What is m(-8)?
4
Let f(s) = 3*s**3 + 2*s**2 - 1. Calculate f(1).
4
Let c(m) = -m**3 - 2*m**2 - m + 71. Give c(0).
71
Let s(i) = -i**3 - i**2 + 8*i + 3. Calculate s(-3).
-3
Let q(r) = -r**3 - 21*r**2 + 23*r + 20. Determine q(-22).
-2
Let b(a) = -a**3 - 39*a**2 - 77*a - 111. Calculate b(-37).
0
Let f(a) = 20*a - 245. What is f(12)?
-5
Let g(t) = -t**3 + t**2 + t. Determine g(-2).
10
Let o(z) = -z**2 + z + 24. Calculate o(-5).
-6
Let c(w) = w**3 - 4*w**2 + 8*w - 18. Give c(4).
14
Let i(w) = -w**2 + 8*w + 11. Give i(8).
11
Let d(m) = -m**2 + 20*m + 54. Give d(23).
-15
Let d(n) = 2*n + 18. Determine d(-11).
-4
Let d(f) = -f**2 - 16*f + 4. Calculate d(-15).
19
Let b(k) = 2*k + 67. What is b(-24)?
19
Let a(n) = n**2 + 4*n + 3. Give a(-2).
-1
Let u(a) = -a**2 - a - 1. Give u(-5).
-21
Let j(s) = -23*s + 129. Determine j(6).
-9
Let g(i) = -8*i - 4. Determine g(-3).
20
Let u(t) = 3*t**2 - 22*t + 11. Give u(7).
4
Let p(g) = -12*g - 81. Calculate p(-7).
3
Let w(h) = h**2 + 10*h + 4. Determine w(-8).
-12
Let q(r) = r**2 + 25*r - 49. Give q(-25).
-49
Let z(n) = 8*n**3 - n - 1. Determine z(-2).
-63
Let d(h) = h**3 + 16*h**2 - h - 15. Give d(-16).
1
Let f(u) = u. Give f(-19).
-19
Let j(b) = 5*b - 3. Determine j(2).
7
Let b(w) = w**2 - 6*w - 1. What is b(5)?
-6
Let z(j) = -15*j + 6. Determine z(-1).
21
Let t(d) = 21*d**3 - d**2 - 2*d - 1. Give t(-1).
-21
Let v(u) = -u**3 + 7*u**2 + 12*u - 11. Determine v(7).
73
Let u(k) = -3*k - 12. Calculate u(-8).
12
Let k(c) = 10*c - 4. Give k(-1).
-14
Let a(w) = 9*w - 79. Calculate a(16).
65
Let v(f) = -131*f - 1965. What is v(-15)?
0
Let y(a) = -a**2 - 12*a - 20. Calculate y(-5).
15
Let r(m) = -m + 10. Give r(6).
4
Let g(q) = -81*q**3 - q**2 - 2*q - 1. Give g(-1).
81
Let x(m) = -6*m - 12. Give x(-10).
48
Let d(g) = g**2 - 94*g - 918. What is d(-9)?
9
Let x(l) = -10*l**2 + 3*l + 2. Give x(-2).
-44
Let x(w) = 5*w**3 - w**2 + 1. Give x(-1).
-5
Let n(z) = -z**3 - 8*z**2 - 11*z + 19. Calculate n(-5).
-1
Let l(a) = a**3 + a**2 + 70. Give l(0).
70
Let x(m) = -m**3 - 9*m**2 + m + 9. Give x(-9).
0
Let s(u) = 8*u + 270. Give s(-32).
14
Let s(d) = -d**3 - 19*d**2 - 16*d + 24. Give s(-18).
-12
Let i(u) = u**3 + 3*u**2 + 2*u - 2. Determine i(-2).
-2
Let o(z) = z**3 + 26*z**2 - 52*z + 53. Determine o(-28).
-59
Let j(y) = -2*y + 3. Calculate j(6).
-9
Let v(n) = n**2 - 13*n + 3. Determine v(13).
3
Let v(w) = -w**3 + 7*w**2 - 2*w - 9. What is v(6)?
15
Let i(f) = -2*f + 20. What is i(8)?
4
Let v(z) = 102*z - 1229. What is v(12)?
-5
Let r(x) = 2*x - 15. Calculate r(7).
-1
Let f(r) = -r**3 - 13*r**2 - 12*r - 23. Determine f(-12).
-23
Let f(g) = g + 56. Calculate f(0).
56
Let b(o) = 2*o**2 + 5*o - 2. Calculate b(-5).
23
Let n(r) = r**3 + 5*r**2 + 4*r - 4. What is n(-4)?
-4
Let l(v) = 25*v + 2. Give l(0).
2
Let f(j) = -j**3 - 10*j**2 - 5. What is f(-10)?
-5
Let t(w) = -2*w**3 - 32*w**2 + 71*w - 25. Give t(-18).
-7
Let c(x) = 2*x**2 - 5*x - 2. Give c(5).
23
Let p(m) = 2*m + 48. Calculate p(-19).
10
Let m(x) = x**3 + 15*x**2 - 14. Give m(-15).
-14
Let c(q) = -3*q**2 + q + 1. Determine c(-4).
-51
Let z(h) = 6*h + 6. Give z(-2).
-6
Let o(i) = 3*i**2 + 9*i + 11. What is o(-4)?
23
Let z(b) = -6*b**2 + 3*b - 1. Calculate z(3).
-46
Let j(b) = 8*b - 3. What is j(5)?
37
Let w(b) = 11*b**2 + 25*b - 7. Calculate w(-3).
17
Let a(v) = 4*v**2 + 30*v - 19. What is a(-8)?
-3
Let d(n) = n**2 - 28*n + 48. What is d(22)?